[INFO] cloning repository https://github.com/Rexagon/RustVR
[INFO] running `Command { std: "git" "-c" "credential.helper=" "-c" "credential.helper=/workspace/cargo-home/bin/git-credential-null" "clone" "--bare" "https://github.com/Rexagon/RustVR" "/workspace/cache/git-repos/https%3A%2F%2Fgithub.com%2FRexagon%2FRustVR", kill_on_drop: false }`
[INFO] [stderr] Cloning into bare repository '/workspace/cache/git-repos/https%3A%2F%2Fgithub.com%2FRexagon%2FRustVR'...
[INFO] running `Command { std: "git" "rev-parse" "HEAD", kill_on_drop: false }`
[INFO] [stdout] 818e443596cb55a47477478fa50108739379407f
[INFO] checking Rexagon/RustVR against master#e6e4f7ed1589e03bc2f6c5931c1a72e7947e8682 for beta-170-4
[INFO] running `Command { std: "git" "clone" "/workspace/cache/git-repos/https%3A%2F%2Fgithub.com%2FRexagon%2FRustVR" "/workspace/builds/worker-2-tc2/source", kill_on_drop: false }`
[INFO] [stderr] Cloning into '/workspace/builds/worker-2-tc2/source'...
[INFO] [stderr] done.
[INFO] validating manifest of git repo https://github.com/Rexagon/RustVR on toolchain e6e4f7ed1589e03bc2f6c5931c1a72e7947e8682
[INFO] running `Command { std: CARGO_HOME="/workspace/cargo-home" RUSTUP_HOME="/workspace/rustup-home" "/workspace/cargo-home/bin/cargo" "+e6e4f7ed1589e03bc2f6c5931c1a72e7947e8682" "metadata" "--manifest-path" "Cargo.toml" "--no-deps", kill_on_drop: false }`
[INFO] started tweaking git repo https://github.com/Rexagon/RustVR
[INFO] finished tweaking git repo https://github.com/Rexagon/RustVR
[INFO] tweaked toml for git repo https://github.com/Rexagon/RustVR written to /workspace/builds/worker-2-tc2/source/Cargo.toml
[INFO] crate git repo https://github.com/Rexagon/RustVR already has a lockfile, it will not be regenerated
[INFO] running `Command { std: CARGO_HOME="/workspace/cargo-home" RUSTUP_HOME="/workspace/rustup-home" "/workspace/cargo-home/bin/cargo" "+e6e4f7ed1589e03bc2f6c5931c1a72e7947e8682" "fetch" "--manifest-path" "Cargo.toml", kill_on_drop: false }`
[INFO] running `Command { std: "docker" "create" "-v" "/var/lib/crater-agent-workspace/builds/worker-2-tc2/target:/opt/rustwide/target:rw,Z" "-v" "/var/lib/crater-agent-workspace/builds/worker-2-tc2/source:/opt/rustwide/workdir:ro,Z" "-v" "/var/lib/crater-agent-workspace/cargo-home:/opt/rustwide/cargo-home:ro,Z" "-v" "/var/lib/crater-agent-workspace/rustup-home:/opt/rustwide/rustup-home:ro,Z" "-e" "SOURCE_DIR=/opt/rustwide/workdir" "-e" "CARGO_TARGET_DIR=/opt/rustwide/target" "-e" "CARGO_HOME=/opt/rustwide/cargo-home" "-e" "RUSTUP_HOME=/opt/rustwide/rustup-home" "-w" "/opt/rustwide/workdir" "-m" "1610612736" "--user" "0:0" "--network" "none" "ghcr.io/rust-lang/crates-build-env/linux@sha256:5ff2268d62e97bff2cde7d5815dd6ed5b47097566f13b8d0ca110b04b60e07ed" "/opt/rustwide/cargo-home/bin/cargo" "+e6e4f7ed1589e03bc2f6c5931c1a72e7947e8682" "metadata" "--no-deps" "--format-version=1", kill_on_drop: false }`
[INFO] [stdout] 6c014d37564a3b7adc3ea3d2fcd5cb64aafba9ee6ff436d3a175a3e46dd3b99d
[INFO] running `Command { std: "docker" "start" "-a" "6c014d37564a3b7adc3ea3d2fcd5cb64aafba9ee6ff436d3a175a3e46dd3b99d", kill_on_drop: false }`
[INFO] running `Command { std: "docker" "inspect" "6c014d37564a3b7adc3ea3d2fcd5cb64aafba9ee6ff436d3a175a3e46dd3b99d", kill_on_drop: false }`
[INFO] running `Command { std: "docker" "rm" "-f" "6c014d37564a3b7adc3ea3d2fcd5cb64aafba9ee6ff436d3a175a3e46dd3b99d", kill_on_drop: false }`
[INFO] [stdout] 6c014d37564a3b7adc3ea3d2fcd5cb64aafba9ee6ff436d3a175a3e46dd3b99d
[INFO] running `Command { std: "docker" "create" "-v" "/var/lib/crater-agent-workspace/builds/worker-2-tc2/target:/opt/rustwide/target:rw,Z" "-v" "/var/lib/crater-agent-workspace/builds/worker-2-tc2/source:/opt/rustwide/workdir:ro,Z" "-v" "/var/lib/crater-agent-workspace/cargo-home:/opt/rustwide/cargo-home:ro,Z" "-v" "/var/lib/crater-agent-workspace/rustup-home:/opt/rustwide/rustup-home:ro,Z" "-e" "SOURCE_DIR=/opt/rustwide/workdir" "-e" "CARGO_TARGET_DIR=/opt/rustwide/target" "-e" "CARGO_INCREMENTAL=0" "-e" "RUST_BACKTRACE=full" "-e" "RUSTFLAGS=--cap-lints=forbid" "-e" "RUSTDOCFLAGS=--cap-lints=forbid" "-e" "CARGO_HOME=/opt/rustwide/cargo-home" "-e" "RUSTUP_HOME=/opt/rustwide/rustup-home" "-w" "/opt/rustwide/workdir" "-m" "1610612736" "--user" "0:0" "--network" "none" "ghcr.io/rust-lang/crates-build-env/linux@sha256:5ff2268d62e97bff2cde7d5815dd6ed5b47097566f13b8d0ca110b04b60e07ed" "/opt/rustwide/cargo-home/bin/cargo" "+e6e4f7ed1589e03bc2f6c5931c1a72e7947e8682" "check" "--frozen" "--all" "--all-targets" "--message-format=json", kill_on_drop: false }`
[INFO] [stdout] d31b5f6f4f6f6bfc7b236e266bea8f70e0a88df0a085e4a3631a394912379da6
[INFO] running `Command { std: "docker" "start" "-a" "d31b5f6f4f6f6bfc7b236e266bea8f70e0a88df0a085e4a3631a394912379da6", kill_on_drop: false }`
[INFO] [stderr]    Compiling bitflags v1.0.4
[INFO] [stderr]    Compiling cc v1.0.25
[INFO] [stderr]    Compiling version_check v0.1.5
[INFO] [stderr]    Compiling semver-parser v0.7.0
[INFO] [stderr]     Checking rand_core v0.3.0
[INFO] [stderr]     Checking void v1.0.2
[INFO] [stderr]    Compiling khronos_api v2.2.0
[INFO] [stderr]    Compiling cfg-if v0.1.5
[INFO] [stderr]     Checking downcast-rs v1.0.3
[INFO] [stderr]    Compiling pkg-config v0.3.14
[INFO] [stderr]     Checking stable_deref_trait v1.1.1
[INFO] [stderr]    Compiling nix v0.11.0
[INFO] [stderr]     Checking remove_dir_all v0.5.1
[INFO] [stderr]     Checking memmap v0.6.2
[INFO] [stderr]     Checking byteorder v1.2.6
[INFO] [stderr]    Compiling xml-rs v0.7.0
[INFO] [stderr]    Compiling log v0.4.5
[INFO] [stderr]     Checking percent-encoding v1.0.1
[INFO] [stderr]     Checking owning_ref v0.3.3
[INFO] [stderr]     Checking rustc-demangle v0.1.9
[INFO] [stderr]     Checking unreachable v1.0.0
[INFO] [stderr]     Checking smallvec v0.6.5
[INFO] [stderr]     Checking fnv v1.0.6
[INFO] [stderr]     Checking rand_core v0.2.2
[INFO] [stderr]    Compiling semver v0.9.0
[INFO] [stderr]     Checking lock_api v0.1.4
[INFO] [stderr]     Checking rand v0.5.5
[INFO] [stderr]    Compiling lazy_static v1.1.0
[INFO] [stderr]    Compiling rustc_version v0.2.3
[INFO] [stderr]    Compiling x11-dl v2.18.3
[INFO] [stderr]    Compiling parking_lot_core v0.3.1
[INFO] [stderr]     Checking shared_library v0.1.9
[INFO] [stderr]    Compiling wayland-scanner v0.20.12
[INFO] [stderr]    Compiling gl_generator v0.9.0
[INFO] [stderr]    Compiling libloading v0.5.0
[INFO] [stderr]    Compiling backtrace-sys v0.1.24
[INFO] [stderr]     Checking osmesa-sys v0.1.2
[INFO] [stderr]     Checking tempfile v3.0.4
[INFO] [stderr]     Checking dlib v0.4.1
[INFO] [stderr]    Compiling wayland-client v0.20.12
[INFO] [stderr]    Compiling wayland-protocols v0.20.12
[INFO] [stderr]     Checking wayland-sys v0.20.12
[INFO] [stderr]    Compiling glutin v0.17.0
[INFO] [stderr]    Compiling glium v0.22.0
[INFO] [stderr]     Checking parking_lot v0.6.4
[INFO] [stderr]     Checking wayland-commons v0.20.12
[INFO] [stderr]     Checking backtrace v0.3.9
[INFO] [stderr]     Checking smithay-client-toolkit v0.2.6
[INFO] [stderr]     Checking winit v0.16.2
[INFO] [stderr]     Checking RustyVR v0.1.0 (/opt/rustwide/workdir)
[INFO] [stdout] warning: use of deprecated function `std::mem::uninitialized`: use `mem::MaybeUninit` instead
[INFO] [stdout]  --> src/core/vertex.rs:6:1
[INFO] [stdout]   |
[INFO] [stdout] 6 | implement_vertex!(Vertex, position);
[INFO] [stdout]   | ^^^^^^^^^^^^^^^^^^^^^^^^^^^^^^^^^^^
[INFO] [stdout]   |
[INFO] [stdout]   = note: `#[warn(deprecated)]` on by default
[INFO] [stdout]   = note: this warning originates in the macro `implement_vertex` (in Nightly builds, run with -Z macro-backtrace for more info)
[INFO] [stdout] 
[INFO] [stdout] 
[INFO] [stdout] warning: use of deprecated function `std::mem::uninitialized`: use `mem::MaybeUninit` instead
[INFO] [stdout]  --> src/core/vertex.rs:6:1
[INFO] [stdout]   |
[INFO] [stdout] 6 | implement_vertex!(Vertex, position);
[INFO] [stdout]   | ^^^^^^^^^^^^^^^^^^^^^^^^^^^^^^^^^^^
[INFO] [stdout]   |
[INFO] [stdout]   = note: `#[warn(deprecated)]` on by default
[INFO] [stdout]   = note: this warning originates in the macro `implement_vertex` (in Nightly builds, run with -Z macro-backtrace for more info)
[INFO] [stdout] 
[INFO] [stdout] 
[INFO] [stdout] error[E0609]: no field `vertices` on type `&mut MainScene<'a>`
[INFO] [stdout]   --> src/main.rs:50:14
[INFO] [stdout]    |
[INFO] [stdout] 50 |         self.vertices = Some(Triangle::new(self.display));
[INFO] [stdout]    |              ^^^^^^^^ unknown field
[INFO] [stdout]    |
[INFO] [stdout]    = note: available fields are: `display`, `triangle`
[INFO] [stdout] 
[INFO] [stdout] 
[INFO] [stdout] error[E0609]: no field `vertices` on type `&mut MainScene<'a>`
[INFO] [stdout]   --> src/main.rs:50:14
[INFO] [stdout]    |
[INFO] [stdout] 50 |         self.vertices = Some(Triangle::new(self.display));
[INFO] [stdout]    |              ^^^^^^^^ unknown field
[INFO] [stdout]    |
[INFO] [stdout]    = note: available fields are: `display`, `triangle`
[INFO] [stdout] 
[INFO] [stdout] 
[INFO] [stdout] error[E0433]: failed to resolve: use of undeclared crate or module `glutin`
[INFO] [stdout]   --> src/main.rs:16:22
[INFO] [stdout]    |
[INFO] [stdout] 16 |     fn new(display: &glutin::Facade) -> Triangle {
[INFO] [stdout]    |                      ^^^^^^ use of undeclared crate or module `glutin`
[INFO] [stdout] 
[INFO] [stdout] 
[INFO] [stdout] error: aborting due to 2 previous errors; 1 warning emitted
[INFO] [stdout] 
[INFO] [stdout] 
[INFO] [stdout] Some errors have detailed explanations: E0433, E0609.
[INFO] [stdout] 
[INFO] [stdout] For more information about an error, try `rustc --explain E0433`.
[INFO] [stdout] 
[INFO] [stdout] error[E0433]: failed to resolve: use of undeclared crate or module `glutin`
[INFO] [stdout]   --> src/main.rs:16:22
[INFO] [stdout]    |
[INFO] [stdout] 16 |     fn new(display: &glutin::Facade) -> Triangle {
[INFO] [stdout]    |                      ^^^^^^ use of undeclared crate or module `glutin`
[INFO] [stdout] 
[INFO] [stdout] 
[INFO] [stdout] error: aborting due to 2 previous errors; 1 warning emitted
[INFO] [stdout] 
[INFO] [stdout] 
[INFO] [stdout] Some errors have detailed explanations: E0433, E0609.
[INFO] [stdout] 
[INFO] [stdout] For more information about an error, try `rustc --explain E0433`.
[INFO] [stdout] 
[INFO] [stderr] error: could not compile `RustyVR` (bin "RustyVR" test) due to 3 previous errors; 1 warning emitted
[INFO] [stderr] warning: build failed, waiting for other jobs to finish...
[INFO] [stderr] error: could not compile `RustyVR` (bin "RustyVR") due to 3 previous errors; 1 warning emitted
[INFO] running `Command { std: "docker" "inspect" "d31b5f6f4f6f6bfc7b236e266bea8f70e0a88df0a085e4a3631a394912379da6", kill_on_drop: false }`
[INFO] running `Command { std: "docker" "rm" "-f" "d31b5f6f4f6f6bfc7b236e266bea8f70e0a88df0a085e4a3631a394912379da6", kill_on_drop: false }`
[INFO] [stdout] d31b5f6f4f6f6bfc7b236e266bea8f70e0a88df0a085e4a3631a394912379da6
